n o is divided by 8?
7
Suppose 5*r + 0*a + 71 = a, -2*r - 2*a = 38. Let x = r + 11. Let i = -1 - x. What is the remainder when 4 is divided by i?
1
Suppose -5*z = -2*h + 8, h - 8 = -5*z - h. Suppose z = -r + 2*c + 1, c = -2*r - 1 - 17. What is the remainder when 14 is divided by (3 - r)*(-1)/(-2)?
4
Suppose 17*f - 13*f - 16 = 0. Suppose -2*g + f*t = -8, -4*g - 3*t + 4 = -56. Calculate the remainder when 22 is divided by g.
10
Calculate the remainder when 42 is divided by (63/3 + -3)/(6/4).
6
Let x = 1 - -4. Suppose 0 = -5*p + 2*p + 4*d + 29, 3*p = -5*d - 16. Calculate the remainder when 2/x - (-76)/10 is divided by p.
2
Let a(b) = b**3 - 20*b**2 - 17*b - 44. Calculate the remainder when 78 is divided by a(21).
38
Suppose -4 = -2*f + 5*k + 1, -k - 1 = 2*f. Suppose 5*a - 4*r = 208, a + 3*a = r + 173. What is the remainder when a is divided by f + -3 - (-14 - 4)?
14
Suppose -4*b = -5*u - 31, 23 + 26 = 5*b + 4*u. Let z be ((-15)/12)/((-2)/32). Suppose -3*h + 31 = -z. What is the remainder when h is divided by b?
8
Let h(l) = -l. Let m(t) = -4*t + 6. Let b(n) = -5*h(n) + m(n). What is the remainder when 48 + (2 - (1 + 0)) is divided by b(7)?
10
Suppose -8 = -4*z + 4*s, 17 = 3*z + 2*z + 2*s. Let r(k) = 2*k**3 - 3*k**2 - 5*k + 3. Calculate the remainder when r(z) is divided by 8.
7
Let l be (-3)/(-4) - 35/(-28). Suppose -l*j + 197 = 1. What is the remainder when j is divided by 25?
23
Let h = 12 + 84. Let i = h - 43. Suppose o = 4*b + 10, 4*o - i = 2*o - 3*b. Calculate the remainder when 42 is divided by o.
20
Let c(w) = -36*w**3 - 4*w**2 - 3*w. What is the remainder when c(-1) is divided by 6?
5
Let x = 27 - -7. Calculate the remainder when x is divided by 12.
10
Let p(b) = 67*b**3 - b**2. What is the remainder when p(1) is divided by 23?
20
Let a = 5 - 4. Let u be 33 + (0 - 2) - a. Suppose -5*w - u = -160. Calculate the remainder when w is divided by 9.
8
Let r(s) = -4*s + 2. Suppose -2*b + 5*j = -5, -3*j = b + 2*j - 25. Let d = b + -2. Calculate the remainder when r(-5) is divided by d.
6
Let q(r) = -4*r - 53. What is the remainder when 25 is divided by q(-15)?
4
Let m = -1 + 15. Let q = m - 7. Calculate the remainder when 26 is divided by (-1 - 1)/((-1)/q).
12
Let w(u) = 25*u - 9. Calculate the remainder when w(4) is divided by 19.
15
What is the remainder when 2/5 + 256/10 is divided by 1/(-3) - (-14)/12*8?
8
Let a = -21 + 41. Suppose n = 2, 5*n + 2 = -2*h + a. Suppose h*t = 5*i - t - 50, 5*t = -10. What is the remainder when 15 is divided by i?
7
Let u be 795/2*(5 - 3). Suppose 2*s + u = 7*s. Calculate the remainder when 32 is divided by 4/10 - s/(-15).
10
Let x(s) = -2*s**3 + 23. What is the remainder when 42 is divided by x(0)?
19
Let w(a) = -2*a. Let j be w(-1). Suppose 0 = -p - j*p. Suppose p = -3*f + f + 4. Calculate the remainder when 7 is divided by f.
1
Suppose 5*t + n - 344 = 0, -4*t + 3*n + 274 = 5*n. Calculate the remainder when t is divided by 24.
21
Let r(g) = -g**2 + 18*g - 47. What is the remainder when r(5) is divided by 1/(-1 - 6/(-5))?
3
Let y = -23 - -8. Let s = 32 + y. What is the remainder when s is divided by 5?
2
Let l = -1 - 1. Let a be (-3 - -82)*1 + l. Suppose 0 = -2*y + 3*z + 6 + 17, 3*y - a = -4*z. Calculate the remainder when y is divided by 10.
9
Let j = 34 - 18. Let a = j + -3. What is the remainder when 25 is divided by a?
12
Let h(n) = n**2 + 2*n - 3. Let p = 5 + -8. Let l be h(p). Suppose -3*z - 3*f + 39 = l, 0*z - 17 = -z + f. What is the remainder when 28 is divided by z?
13
Suppose 4*v + v = 55. Let z be -2 - 0 - (-5 - 2). Suppose -3*t + i + 64 = 0, 0 = -z*t - i - 0*i + 104. Calculate the remainder when t is divided by v.
10
Let c = 13 + 64. Calculate the remainder when c is divided by 9.
5
Suppose 4*z - 252 = -0*z. What is the remainder when z is divided by 16?
15
Suppose -w = -2*w + 1. Let j = 10 + -4. What is the remainder when w is divided by (j/(-9))/((-4)/6)?
0
Let u = -4 - -4. Suppose u = -j + 1 + 1. What is the remainder when (6/(-12))/(j/(-68)) is divided by 9?
8
Let q(i) = i**2 + 3*i + 5. Let m(n) = -n + 3. Let d be m(10). Calculate the remainder when q(d) is divided by 12.
9
Suppose -s + 16 = -0*s. Calculate the remainder when 30 is divided by s.
14
Let q(d) = d**3 - 5*d**2 + 8*d - 7. Let j = 2 + 4. Calculate the remainder when q(j) is divided by 20.
17
Let m be ((-6)/5)/(6/(-20)). Suppose 0 = -m*j + 52. What is the remainder when 49 is divided by j?
10
Let n(v) = v**3 + 7*v**2 - 8*v - 2. Let j be n(-8). Let k = 5 + j. Suppose 0 = 4*m - 3*m - 8. What is the remainder when m is divided by k?
2
What is the remainder when 239 is divided by (3/2 - 1)*48?
23
Calculate the remainder when 224 is divided by (1 - 4)*(-27 + 8).
53
Suppose -h - 4*h = -20. Calculate the remainder when 17 is divided by h.
1
Suppose 0 = -4*r + 6*r + 16. Let h(b) = -b**2 - 9*b - 5. Let g be h(r). Calculate the remainder when 3/g - 1 - -11 is divided by 6.
5
Suppose 4*h - 74 = -2*a, 3*a - 31 = -h - h. Calculate the remainder when 138 is divided by h.
18
Calculate the remainder when 105 is divided by (6/4)/(6/(-8)) + 56.
51
Let n(z) = 4*z**3 - z**2 + z + 2. Let s be n(2). Suppose -g + s = 3*g. Calculate the remainder when -9*(-2)/(-6)*-5 is divided by g.
7
Let l(t) = -t + 27. What is the remainder when l(-11) is divided by 8?
6
Let r be 0 - 6*6/(-9). Suppose -r*l = -7*l + 57. Calculate the remainder when 37 is divided by l.
18
Suppose 2*p + 64 = 4*s, -3*s + 62 = s - p. Let z = -28 - -37. Calculate the remainder when s is divided by z.
6
Let r be 10/3*(-12)/(-10). Suppose 2*a + a - 57 = -3*m, 74 = r*a + 3*m. What is the remainder when 48 is divided by a?
14
Let j = 9 - 1. Suppose -j = -3*v + 1. Let n = 13 - v. What is the remainder when 19 is divided by n?
9
Suppose -11 = 3*a - 56. What is the remainder when a is divided by 8?
7
Suppose -4*q + 21 = -59. Suppose 3*m - 5*i = 7, 4*m - 2*i - q = -6. Suppose 0 = -24*p + 19*p + 30. Calculate the remainder when p is divided by m.
2
Let r(j) = j**2 - 4*j + 5. Let a be r(6). Suppose 0*q = q - a. Calculate the remainder when q is divided by 9.
8
Let l(r) = 2*r + 2. Let c be l(2). Suppose 2*b - 2*g = 8, 28 = b + c*g - g. What is the remainder when 15 - (2 + (-1)/1) is divided by b?
6
Let k(y) = -3*y**2 - 2*y + 43. What is the remainder when 83 is divided by k(0)?
40
Suppose 3*d - 18 - 48 = 0. Let a = -19 + d. Calculate the remainder when (-4)/(-10) - (-76)/10 is divided by a.
2
Let n(q) = -8*q**2 + 3*q - 4. Let o be n(-3). Let h = 146 + o. Let a = 89 - h. What is the remainder when a is divided by 15?
13
Let y(i) = -i**3 + 14*i**2 - 2*i - 23. What is the remainder when y(10) is divided by 60?
57
Let t(c) = 3*c - 14. Calculate the remainder when 55 is divided by t(11).
17
Let v(x) = 2*x**3 - 3*x**2 + 2*x + 2. Calculate the remainder when (42/(-5))/((-3)/10) is divided by v(2).
8
Let g(i) = -7*i - 11. Calculate the remainder when 48 is divided by g(-3).
8
Calculate the remainder when 146/8 + (-3)/12 is divided by 5.
3
Let h be 6/(-3) + -2 + 22. Let g be 42/4 + 2/(-4). Let k = h - g. What is the remainder when 23 is divided by k?
7
Let k be (-2)/((-40)/14 - -3). Let c = k + 24. Calculate the remainder when c is divided by 4.
2
Let o(z) = z + 15. What is the remainder when o(12) is divided by 10?
7
Let x = 0 + 2. Suppose 5 = -5*p - 2*j - 0*j, x*p + 5*j - 19 = 0. Calculate the remainder when 31 is divided by -16*(1 - (-6)/p).
15
Suppose 0 = -4*z + 8, -2*j - 3*z = -5 - 3. Suppose 23 = 2*a + j. Suppose 4*l + 2*g = -0*l + 12, a = -l - 4*g. Calculate the remainder when l is divided by 2.
1
Let t = -49 + 71. What is the remainder when t is divided by 10*6/20*4?
10
Let z = 138 - 117. What is the remainder when z is divided by 8?
5
Let i(n) = -n**3 + 7*n**2 - 5*n. Let q be i(8). Let a = q + 174. Calculate the remainder when a is divided by 18.
16
Calculate the remainder when 77 is divided by 474/24 - (-2)/8.
17
Suppose -2*l + 2*r = -0*r - 136, -2*l = -5*r - 130. What is the remainder when l is divided by 18?
16
Let v(k) = 7*k - 6. Let y be v(4). Let t be 2/11 - (-172)/y. Let n = 13 + t. Calculate the remainder when 61 is divided by n.
19
Let b(r) = -7*r - 4. Suppose -205*z + 141 = -202*z. Calculate the remainder when z is divided by b(-4).
23
Suppose c + 0 = 2. Let f(a) = a**2 + 1. Let l be (-1)/((-